{"id":165,"date":"2025-12-04T08:23:58","date_gmt":"2025-12-04T11:23:58","guid":{"rendered":"https:\/\/spepm.misiones.gob.ar\/?page_id=165"},"modified":"2025-12-10T11:36:50","modified_gmt":"2025-12-10T14:36:50","slug":"titulos","status":"publish","type":"page","link":"https:\/\/spepm.misiones.gob.ar\/index.php\/titulos\/","title":{"rendered":"T\u00edtulos"},"content":{"rendered":"\n<div data-wp-context=\"{ &quot;autoclose&quot;: false, &quot;accordionItems&quot;: [] }\" data-wp-interactive=\"core\/accordion\" role=\"group\" class=\"wp-block-accordion is-layout-flow wp-block-accordion-is-layout-flow\">\n<div data-wp-class--is-open=\"state.isOpen\" data-wp-context=\"{ &quot;id&quot;: &quot;accordion-item-1&quot;, &quot;openByDefault&quot;: false }\" data-wp-init=\"callbacks.initAccordionItems\" data-wp-on-window--hashchange=\"callbacks.hashChange\" class=\"wp-block-accordion-item is-layout-flow wp-block-accordion-item-is-layout-flow\">\n<h3 class=\"wp-block-accordion-heading\"><button aria-expanded=\"false\" aria-controls=\"accordion-item-1-panel\" data-wp-bind--aria-expanded=\"state.isOpen\" data-wp-on--click=\"actions.toggle\" data-wp-on--keydown=\"actions.handleKeyDown\" id=\"accordion-item-1\" class=\"wp-block-accordion-heading__toggle\"><span class=\"wp-block-accordion-heading__toggle-title\">T\u00edtulos digitales<\/span><span class=\"wp-block-accordion-heading__toggle-icon\" aria-hidden=\"true\">+<\/span><\/button><\/h3>\n\n\n\n<div inert aria-labelledby=\"accordion-item-1\" data-wp-bind--inert=\"!state.isOpen\" id=\"accordion-item-1-panel\" role=\"region\" class=\"wp-block-accordion-panel is-layout-flow wp-block-accordion-panel-is-layout-flow\">\n<details class=\"wp-block-details is-layout-flow wp-block-details-is-layout-flow\"><summary>Material para confeccionar los t\u00edtulos digitales <\/summary>\n<p>Manual de usuario del Sistema Federal de T\u00edtulos<\/p>\n\n\n\n<p>El SPEPM pone a disposici\u00f3n de la comunidad educativa un manual actualizado del <strong>Sistema Federal de T\u00edtulos.<\/strong><\/p>\n\n\n\n<p>Una gu\u00eda moderna, accesible y clara, dise\u00f1ada para facilitar el uso del sistema, agilizar tr\u00e1mites y mejorar la calidad del trabajo institucional.<\/p>\n\n\n\n<p><a href=\"https:\/\/drive.google.com\/file\/d\/1WFV2Zm64z0kVI9GsKb5LjzuiHOQhLqks\/view?usp=sharing\" data-type=\"link\" data-id=\"https:\/\/drive.google.com\/file\/d\/1WFV2Zm64z0kVI9GsKb5LjzuiHOQhLqks\/view?usp=sharing\" target=\"_blank\" rel=\"noreferrer noopener\">Descargue aqu\u00ed <\/a><\/p>\n<\/details>\n\n\n\n<p><\/p>\n<\/div>\n<\/div>\n\n\n\n<div data-wp-class--is-open=\"state.isOpen\" data-wp-context=\"{ &quot;id&quot;: &quot;accordion-item-2&quot;, &quot;openByDefault&quot;: false }\" data-wp-init=\"callbacks.initAccordionItems\" data-wp-on-window--hashchange=\"callbacks.hashChange\" class=\"wp-block-accordion-item is-layout-flow wp-block-accordion-item-is-layout-flow\">\n<h3 class=\"wp-block-accordion-heading\"><button aria-expanded=\"false\" aria-controls=\"accordion-item-2-panel\" data-wp-bind--aria-expanded=\"state.isOpen\" data-wp-on--click=\"actions.toggle\" data-wp-on--keydown=\"actions.handleKeyDown\" id=\"accordion-item-2\" class=\"wp-block-accordion-heading__toggle\"><span class=\"wp-block-accordion-heading__toggle-title\">Sistema de pases<\/span><span class=\"wp-block-accordion-heading__toggle-icon\" aria-hidden=\"true\">+<\/span><\/button><\/h3>\n\n\n\n<div inert aria-labelledby=\"accordion-item-2\" data-wp-bind--inert=\"!state.isOpen\" id=\"accordion-item-2-panel\" role=\"region\" class=\"wp-block-accordion-panel is-layout-flow wp-block-accordion-panel-is-layout-flow\">\n<p>Descargue los instaladores del sistema federal <\/p>\n<\/div>\n<\/div>\n\n\n\n<div data-wp-class--is-open=\"state.isOpen\" data-wp-context=\"{ &quot;id&quot;: &quot;accordion-item-3&quot;, &quot;openByDefault&quot;: false }\" data-wp-init=\"callbacks.initAccordionItems\" data-wp-on-window--hashchange=\"callbacks.hashChange\" class=\"wp-block-accordion-item is-layout-flow wp-block-accordion-item-is-layout-flow\">\n<h3 class=\"wp-block-accordion-heading\"><button aria-expanded=\"false\" aria-controls=\"accordion-item-3-panel\" data-wp-bind--aria-expanded=\"state.isOpen\" data-wp-on--click=\"actions.toggle\" data-wp-on--keydown=\"actions.handleKeyDown\" id=\"accordion-item-3\" class=\"wp-block-accordion-heading__toggle\"><span class=\"wp-block-accordion-heading__toggle-title\">Resoluciones &#8211; Plan de Estudio<\/span><span class=\"wp-block-accordion-heading__toggle-icon\" aria-hidden=\"true\">+<\/span><\/button><\/h3>\n\n\n\n<div inert aria-labelledby=\"accordion-item-3\" data-wp-bind--inert=\"!state.isOpen\" id=\"accordion-item-3-panel\" role=\"region\" class=\"wp-block-accordion-panel is-layout-flow wp-block-accordion-panel-is-layout-flow\">\n<table id=\"tablepress-5\" class=\"tablepress tablepress-id-5 tbody-has-connected-cells\">\n<thead>\n<tr class=\"row-1\">\n\t<th colspan=\"7\" class=\"column-1\"><strong>RESOLUCIONES &#8211; PLAN  DE  ESTUDIO<\/strong><\/th>\n<\/tr>\n<\/thead>\n<tbody class=\"row-striping row-hover\">\n<tr class=\"row-2\">\n\t<td class=\"column-1\"><strong>CICLOS<\/strong><\/td><td class=\"column-2\"><strong>MODALIDAD COM\u00daN<\/strong><\/td><td class=\"column-3\"><strong>EFAs<\/strong><\/td><td class=\"column-4\"><strong>ROB\u00d3TICA<\/strong><\/td><td class=\"column-5\"><strong>MODALIDAD T\u00c9CNICA<\/strong><\/td><td class=\"column-6\"><strong>MODALIDAD EIB<\/strong><\/td><td class=\"column-7\"><strong>MODALIDAD EPJA<\/strong><\/td>\n<\/tr>\n<tr class=\"row-3\">\n\t<td class=\"column-1\"><br \/>\n<br \/>\n<strong>Ciclo B\u00e1sico<\/strong><\/td><td class=\"column-2\">Resoluciones <br \/>\n<strong>MECyT:<\/strong><br \/>\nN\u00ba 638\/11<br \/>\n<br \/>\n<strong>S.P.E.P.M.:<\/strong><br \/>\nN\u00ba425\/11<br \/>\n<\/td><td class=\"column-3\">Resoluciones<br \/>\n<strong>S.P.E.P.M.:<\/strong><br \/>\nN\u00ba 028\/12<br \/>\n<br \/>\nN\u00ba 136\/21 a partir cohorte 2021<br \/>\n<\/td><td class=\"column-4\">Resoluciones<br \/>\n<strong>R.M.:<\/strong><br \/>\n638\/11<br \/>\n<br \/>\n<strong>S.P.E.P.M.:<\/strong><br \/>\nN\u00ba 425\/11<br \/>\n<\/td><td rowspan=\"2\" class=\"column-5\">Resoluciones<br \/>\n<strong>MECyT:<\/strong><br \/>\nN\u00ba 711\/12<br \/>\nN\u00ba 258\/13<br \/>\nN\u00ba 391\/13<br \/>\nN\u00ba 467\/15<br \/>\nN\u00ba 410\/15<br \/>\n<br \/>\n<strong>S.P.E.P.M.:<\/strong><br \/>\nN\u00ba 424\/14<br \/>\nN\u00ba 342\/15<br \/>\nN\u00ba 343\/15<br \/>\n<\/td><td rowspan=\"2\" class=\"column-6\">Resoluciones<br \/>\n<strong>MECyT:<\/strong><br \/>\nN\u00ba56\/17<br \/>\n<br \/>\n<strong>S.P.E.P.M.:<\/strong><br \/>\nN\u00ba 100\/15<br \/>\n<\/td><td rowspan=\"2\" class=\"column-7\">Resoluciones<br \/>\n<strong>MECyT:<\/strong> <br \/>\nN\u00ba258\/15<br \/>\nN\u00ba 378\/17<br \/>\n<br \/>\n<strong>S.P.E.P.M.:<\/strong><br \/>\nN\u00ba 247\/15<br \/>\nN\u00ba 374\/17<br \/>\n<\/td>\n<\/tr>\n<tr class=\"row-4\">\n\t<td class=\"column-1\"><br \/>\n<br \/>\n<strong>Ciclo Orientado<\/strong><\/td><td class=\"column-2\">Resoluci\u00f3n <br \/>\n<strong>MECyT: <\/strong><br \/>\n048\/13<br \/>\n204\/20<br \/>\n<strong>S.P.E.P.M.:<\/strong><br \/>\n136\/13<br \/>\n99\/21<br \/>\n<\/td><td class=\"column-3\">Resoluci\u00f3n <br \/>\n<strong>MECyT: <\/strong><br \/>\n048\/13<br \/>\n<br \/>\n<strong>S.P.E.P.M.:<\/strong><br \/>\n136\/13<br \/>\n<\/td><td class=\"column-4\"><strong>R.M.<\/strong><br \/>\n204\/20<br \/>\n<br \/>\n<br \/>\n<strong>S.P.E.P.M.:<\/strong><br \/>\n099\/21 <\/td>\n<\/tr>\n<\/tbody>\n<\/table>\n<!-- #tablepress-5 from cache --><\/div>\n<\/div>\n\n\n\n<div data-wp-class--is-open=\"state.isOpen\" data-wp-context=\"{ &quot;id&quot;: &quot;accordion-item-4&quot;, &quot;openByDefault&quot;: false }\" data-wp-init=\"callbacks.initAccordionItems\" data-wp-on-window--hashchange=\"callbacks.hashChange\" class=\"wp-block-accordion-item is-layout-flow wp-block-accordion-item-is-layout-flow\">\n<h3 class=\"wp-block-accordion-heading\"><button aria-expanded=\"false\" aria-controls=\"accordion-item-4-panel\" data-wp-bind--aria-expanded=\"state.isOpen\" data-wp-on--click=\"actions.toggle\" data-wp-on--keydown=\"actions.handleKeyDown\" id=\"accordion-item-4\" class=\"wp-block-accordion-heading__toggle\"><span class=\"wp-block-accordion-heading__toggle-title\">Validez Nacional<\/span><span class=\"wp-block-accordion-heading__toggle-icon\" aria-hidden=\"true\">+<\/span><\/button><\/h3>\n\n\n\n<div inert aria-labelledby=\"accordion-item-4\" data-wp-bind--inert=\"!state.isOpen\" id=\"accordion-item-4-panel\" role=\"region\" class=\"wp-block-accordion-panel is-layout-flow wp-block-accordion-panel-is-layout-flow\">\n<table id=\"tablepress-4\" class=\"tablepress tablepress-id-4\">\n<thead>\n<tr class=\"row-1\">\n\t<th class=\"column-1\">Cohorte<\/th><th class=\"column-2\">Nivel<\/th><th class=\"column-3\">N\u00famero<\/th>\n<\/tr>\n<\/thead>\n<tbody class=\"row-striping row-hover\">\n<tr class=\"row-2\">\n\t<td class=\"column-1\">1972\/95<\/td><td class=\"column-2\">Todos los Niveles<\/td><td class=\"column-3\"><strong>Ley 19.988, \u00fanicamente para DUPLICADOS<\/strong>  <\/td>\n<\/tr>\n<tr class=\"row-3\">\n\t<td class=\"column-1\">1996\/07<\/td><td class=\"column-2\">Todos los Niveles<\/td><td class=\"column-3\"><strong>Dto. 1276\/96 y s\/mod.<\/strong><\/td>\n<\/tr>\n<tr class=\"row-4\">\n\t<td class=\"column-1\">1996\/07<\/td><td class=\"column-2\">Formaci\u00f3n Docente<span style=\"color:#000000;\"> <\/span><\/td><td class=\"column-3\"><strong>Ver Certificado de Inscripci\u00f3n en el RFIFD<\/strong><\/td>\n<\/tr>\n<tr class=\"row-5\">\n\t<td class=\"column-1\">2008<\/td><td class=\"column-2\">Todos los Niveles<\/td><td class=\"column-3\"><strong>Dto. 144\/08 <\/strong><\/td>\n<\/tr>\n<tr class=\"row-6\">\n\t<td class=\"column-1\">2008<\/td><td class=\"column-2\">Formaci\u00f3n Docente<span style=\"color:#000000;\"> <\/span><\/td><td class=\"column-3\"><strong>Ver Certificado de Inscripci\u00f3n en el RFIFD<\/strong><\/td>\n<\/tr>\n<tr class=\"row-7\">\n\t<td class=\"column-1\">2009\/10<\/td><td class=\"column-2\">Nivel Inicial, Primario, Secundario, Superior, T\u00e9cnicos <\/td><td class=\"column-3\"><strong>Dto. 144\/08 y Res. 1019\/09<\/strong><\/td>\n<\/tr>\n<tr class=\"row-8\">\n\t<td class=\"column-1\">2009\/11<\/td><td class=\"column-2\">Formaci\u00f3n Docente<span style=\"color:#000000;\"> <\/span><\/td><td class=\"column-3\"><strong>Ver Circular 05\/13<\/strong><\/td>\n<\/tr>\n<tr class=\"row-9\">\n\t<td class=\"column-1\">2011<\/td><td class=\"column-2\">Nivel Inicial, Primario, Secundario, Superior, T\u00e9cnicos <\/td><td class=\"column-3\"><strong>Dto. 144\/08 y Res. 1120\/10<\/strong><\/td>\n<\/tr>\n<tr class=\"row-10\">\n\t<td class=\"column-1\">2012<\/td><td class=\"column-2\">Nivel Inicial, Primario, Secundario, Superior, T\u00e9cnicos <\/td><td class=\"column-3\"><strong>Dto. 144\/08 y Res. 2083\/11<\/strong><\/td>\n<\/tr>\n<tr class=\"row-11\">\n\t<td class=\"column-1\">2012<\/td><td class=\"column-2\">Formaci\u00f3n Docente<\/td><td class=\"column-3\"><strong>Ver Resoluci\u00f3n Espec\u00edfica<\/strong><\/td>\n<\/tr>\n<tr class=\"row-12\">\n\t<td class=\"column-1\">2013<\/td><td class=\"column-2\">Nivel Inicial, Primario, Secundario, Superior, T\u00e9cnicos <\/td><td class=\"column-3\"><strong>Dto. 144\/08 y Res. 2372\/12<\/strong><\/td>\n<\/tr>\n<tr class=\"row-13\">\n\t<td class=\"column-1\">2014<\/td><td class=\"column-2\">Nivel Inicial, Primario, Secundario, Superior, T\u00e9cnicos <\/td><td class=\"column-3\"><strong>Dto. 144\/08 y Res. 2603\/13<\/strong><\/td>\n<\/tr>\n<tr class=\"row-14\">\n\t<td class=\"column-1\">2013\/14<\/td><td class=\"column-2\">Formaci\u00f3n Docente<\/td><td class=\"column-3\"><strong>Ver Res. Espec\u00edfica s\/ R.M.2373\/12 (12 aut.13y14)<\/strong><\/td>\n<\/tr>\n<tr class=\"row-15\">\n\t<td class=\"column-1\">2015\/17<\/td><td class=\"column-2\">Nivel Secundario Com\u00fan<\/td><td class=\"column-3\"><strong>Res. Min. 807\/16 <\/strong><\/td>\n<\/tr>\n<tr class=\"row-16\">\n\t<td class=\"column-1\">2015\/17<\/td><td class=\"column-2\">Nivel Secundario Exclusivo EFAs<\/td><td class=\"column-3\"><strong>Res. Min. 396\/16<\/strong><\/td>\n<\/tr>\n<tr class=\"row-17\">\n\t<td class=\"column-1\">2015\/17<\/td><td class=\"column-2\">Nivel Inicial<\/td><td class=\"column-3\"><strong>Res. Min.1468\/16 <\/strong><\/td>\n<\/tr>\n<tr class=\"row-18\">\n\t<td class=\"column-1\">2015\/16<\/td><td class=\"column-2\">Nivel Primario<\/td><td class=\"column-3\"><strong>Res. Min.1988\/17 <\/strong><\/td>\n<\/tr>\n<tr class=\"row-19\">\n\t<td class=\"column-1\">2015<\/td><td class=\"column-2\">Nivel Secundario (EPJA:ETP: EIB), Formaci\u00f3n Docente, Tecnicaturas Superiores<\/td><td class=\"column-3\"><strong>Ver Resoluci\u00f3n Espec\u00edfica<\/strong><\/td>\n<\/tr>\n<tr class=\"row-20\">\n\t<td class=\"column-1\">2015<\/td><td class=\"column-2\">Nivel Secundaria T\u00e9cnica<\/td><td class=\"column-3\"><strong>R.M.E. N\u00ba 1385\/2021<\/strong> <\/td>\n<\/tr>\n<tr class=\"row-21\">\n\t<td class=\"column-1\">2017\/19<\/td><td class=\"column-2\">Nivel<span style=\"color:#000000;\"><strong> <\/strong><\/span><span style=\"color:#000000;\">Primario<\/span><\/td><td class=\"column-3\"><strong>R.M.E. N\u00ba 1196\/2020<\/strong><\/td>\n<\/tr>\n<tr class=\"row-22\">\n\t<td class=\"column-1\">2015\/19<\/td><td class=\"column-2\">Nivel Secundario, Bachiller en Lenguas, Bachiller en Agro   Ambiente, Bachiller en Arte-Artes Visuales<\/td><td class=\"column-3\"><strong>R.M.E. N\u00ba 1958\/2020<\/strong><\/td>\n<\/tr>\n<tr class=\"row-23\">\n\t<td class=\"column-1\">2018\/20<\/td><td class=\"column-2\">Nivel Inicial<\/td><td class=\"column-3\"><strong>R.M.E. N\u00ba 1219\/2020<\/strong><\/td>\n<\/tr>\n<tr class=\"row-24\">\n\t<td class=\"column-1\">2018\/20<\/td><td class=\"column-2\">Nivel Secundario Com\u00fan<\/td><td class=\"column-3\"><strong>R.M.E. N\u00ba 3992\/2019<\/strong><\/td>\n<\/tr>\n<tr class=\"row-25\">\n\t<td class=\"column-1\">2018\/20<\/td><td class=\"column-2\">Nivel Secundario Bachiller Agrario<\/td><td class=\"column-3\"><strong>R.M.E. N\u00ba 2195\/2020<\/strong><\/td>\n<\/tr>\n<tr class=\"row-26\">\n\t<td class=\"column-1\">2018\/22<\/td><td class=\"column-2\">EPJA<\/td><td class=\"column-3\"><strong>R.M.E. N\u00ba 228\/2021<\/strong><\/td>\n<\/tr>\n<tr class=\"row-27\">\n\t<td class=\"column-1\">2021\/22<\/td><td class=\"column-2\">Nivel Secundario Com\u00fan<\/td><td class=\"column-3\"><strong>R.M.E. N\u00b0 3992\/2019. Disposicion DVNTYE N\u00b0 132\/2023<\/strong><\/td>\n<\/tr>\n<tr class=\"row-28\">\n\t<td class=\"column-1\">2021\/23<\/td><td class=\"column-2\">Nivel Secundario Bachiller Agrario<\/td><td class=\"column-3\"><strong>R.M.E. N\u00ba 2195\/2020 y Disp. 400\/2023<\/strong><\/td>\n<\/tr>\n<tr class=\"row-29\">\n\t<td class=\"column-1\">2019\/23<\/td><td class=\"column-2\">Nivel Secundario Bachiller en Rob\u00f3tica y Programaci\u00f3n<\/td><td class=\"column-3\"><strong>R.M.E. N\u00ba 1854\/2023<\/strong><\/td>\n<\/tr>\n<tr class=\"row-30\">\n\t<td class=\"column-1\">2023\/25<\/td><td class=\"column-2\">EPJA <\/td><td class=\"column-3\"><strong>R.M.E. N\u00ba 228\/2021<\/strong> y <strong>Disposici\u00f3n N\u00ba 51\/2025<\/strong><\/td>\n<\/tr>\n<tr class=\"row-31\">\n\t<td class=\"column-1\">2023\/25<\/td><td class=\"column-2\">Nivel Secundario <\/td><td class=\"column-3\"><strong>R.M.E. N\u00ba 3992\/2019<\/strong> y <strong>Disposici\u00f3n N\u00ba 199\/2025<\/strong><\/td>\n<\/tr>\n<tr class=\"row-32\">\n\t<td class=\"column-1\">2024\/26<\/td><td class=\"column-2\">Nivel Secundario Bachiller Agrario <\/td><td class=\"column-3\"><strong>R.M.E. N\u00ba 2195\/2020 y Disp. 235\/2025<\/strong><\/td>\n<\/tr>\n<\/tbody>\n<\/table>\n<!-- #tablepress-4 from cache --><\/div>\n<\/div>\n<\/div>\n\n\n\n<p><\/p>\n","protected":false},"excerpt":{"rendered":"","protected":false},"author":1,"featured_media":0,"parent":0,"menu_order":0,"comment_status":"closed","ping_status":"closed","template":"","meta":{"site-sidebar-layout":"default","site-content-layout":"","ast-site-content-layout":"default","site-content-style":"default","site-sidebar-style":"default","ast-global-header-display":"","ast-banner-title-visibility":"","ast-main-header-display":"","ast-hfb-above-header-display":"","ast-hfb-below-header-display":"","ast-hfb-mobile-header-display":"","site-post-title":"","ast-breadcrumbs-content":"","ast-featured-img":"","footer-sml-layout":"","theme-transparent-header-meta":"","adv-header-id-meta":"","stick-header-meta":"","header-above-stick-meta":"","header-main-stick-meta":"","header-below-stick-meta":"","astra-migrate-meta-layouts":"default","ast-page-background-enabled":"default","ast-page-background-meta":{"desktop":{"background-color":"var(--ast-global-color-5)","background-image":"","background-repeat":"repeat","background-position":"center center","background-size":"auto","background-attachment":"scroll","background-type":"","background-media":"","overlay-type":"","overlay-color":"","overlay-opacity":"","overlay-gradient":""},"tablet":{"background-color":"","background-image":"","background-repeat":"repeat","background-position":"center center","background-size":"auto","background-attachment":"scroll","background-type":"","background-media":"","overlay-type":"","overlay-color":"","overlay-opacity":"","overlay-gradient":""},"mobile":{"background-color":"","background-image":"","background-repeat":"repeat","background-position":"center center","background-size":"auto","background-attachment":"scroll","background-type":"","background-media":"","overlay-type":"","overlay-color":"","overlay-opacity":"","overlay-gradient":""}},"ast-content-background-meta":{"desktop":{"background-color":"var(--ast-global-color-4)","background-image":"","background-repeat":"repeat","background-position":"center center","background-size":"auto","background-attachment":"scroll","background-type":"","background-media":"","overlay-type":"","overlay-color":"","overlay-opacity":"","overlay-gradient":""},"tablet":{"background-color":"var(--ast-global-color-4)","background-image":"","background-repeat":"repeat","background-position":"center center","background-size":"auto","background-attachment":"scroll","background-type":"","background-media":"","overlay-type":"","overlay-color":"","overlay-opacity":"","overlay-gradient":""},"mobile":{"background-color":"var(--ast-global-color-4)","background-image":"","background-repeat":"repeat","background-position":"center center","background-size":"auto","background-attachment":"scroll","background-type":"","background-media":"","overlay-type":"","overlay-color":"","overlay-opacity":"","overlay-gradient":""}},"footnotes":""},"class_list":["post-165","page","type-page","status-publish","hentry"],"_links":{"self":[{"href":"https:\/\/spepm.misiones.gob.ar\/index.php\/wp-json\/wp\/v2\/pages\/165","targetHints":{"allow":["GET"]}}],"collection":[{"href":"https:\/\/spepm.misiones.gob.ar\/index.php\/wp-json\/wp\/v2\/pages"}],"about":[{"href":"https:\/\/spepm.misiones.gob.ar\/index.php\/wp-json\/wp\/v2\/types\/page"}],"author":[{"embeddable":true,"href":"https:\/\/spepm.misiones.gob.ar\/index.php\/wp-json\/wp\/v2\/users\/1"}],"replies":[{"embeddable":true,"href":"https:\/\/spepm.misiones.gob.ar\/index.php\/wp-json\/wp\/v2\/comments?post=165"}],"version-history":[{"count":11,"href":"https:\/\/spepm.misiones.gob.ar\/index.php\/wp-json\/wp\/v2\/pages\/165\/revisions"}],"predecessor-version":[{"id":196,"href":"https:\/\/spepm.misiones.gob.ar\/index.php\/wp-json\/wp\/v2\/pages\/165\/revisions\/196"}],"wp:attachment":[{"href":"https:\/\/spepm.misiones.gob.ar\/index.php\/wp-json\/wp\/v2\/media?parent=165"}],"curies":[{"name":"wp","href":"https:\/\/api.w.org\/{rel}","templated":true}]}}